50 (base 9) to base 2.
-101110010001
Convert -16050 (base 10) to base 7.
-64536
What is -1011111222 (base 3) in base 5?
-1213401
-11010000 (base 2) to base 16
-d0
-cb (base 16) to base 8
-313
Convert -1000001 (base 3) to base 4.
-23122
What is -285 (base 9) in base 16?
-ef
-1001010110001 (base 2) to base 3
-20120020
What is -30b (base 16) in base 6?
-3335
What is -211212210 (base 3) in base 7?
-66426
Convert -20455 (base 9) to base 7.
-54230
Convert -11547 (base 8) to base 14.
-1b4b
-4025 (base 6) to base 9
-1178
26364 (base 7) to base 2
1101110001101
10130001 (base 4) to base 9
26836
-4140 (base 14) to base 15
-34d8
What is 514 (base 9) in base 16?
1a2
-e506 (base 15) to base 6
-1011553
-303023 (base 4) to base 10
-3275
-5414 (base 9) to base 4
-332032
What is -809 (base 11) in base 6?
-4305
What is 1253 (base 14) in base 16?
c89
What is 233111 (base 4) in base 3?
11011012
What is 1011001101 (base 3) in base 2?
101100001101100
Convert -12341 (base 5) to base 4.
-33023
Convert -212024 (base 6) to base 13.
-7b46
What is 1345 (base 6) in base 16?
161
-100010 (base 2) to base 6
-54
Convert 166 (base 9) to base 13.
ab
What is 130 (base 8) in base 9?
107
What is 37 (base 8) in base 3?
1011
What is -63441 (base 7) in base 12?
-9090
Convert -41255 (base 8) to base 5.
-1021234
Convert 4502 (base 8) to base 7.
6624
3676 (base 9) to base 13
132c
What is -110a (base 14) in base 9?
-4037
What is 4312 (base 5) in base 6?
2410
-4516 (base 9) to base 15
-ec6
What is -1001111111100 (base 2) in base 10?
-5116
What is -38c (base 16) in base 2?
-1110001100
-48652 (base 9) to base 8
-77541
Convert 138c (base 15) to base 6.
31210
1150 (base 7) to base 8
653
What is -a033 (base 13) in base 4?
-11113330
-13310 (base 7) to base 16
-e00
Convert -c45 (base 16) to base 15.
-de6
What is -100011101000 (base 2) in base 6?
-14320
What is 1012112 (base 4) in base 2?
1000110010110
Convert -3a3 (base 15) to base 11.
-693
What is -4111 (base 7) in base 15?
-654
What is 22 (base 6) in base 13?
11
Convert -27565 (base 8) to base 5.
-342044
What is -4350 (base 7) in base 4?
-120102
What is 212200 (base 7) in base 11?
25714
What is 61 (base 13) in base 9?
87
Convert -2d8 (base 15) to base 11.
-544
What is 16350 (base 8) in base 14?
29a8
What is 130322 (base 6) in base 15?
375b
Convert -111113 (base 4) to base 3.
-1212122
-364 (base 10) to base 4
-11230
Convert -13c3 (base 15) to base 11.
-31a9
What is -21020201 (base 3) in base 15?
-1874
What is 154153 (base 6) in base 3?
202211120
What is -280 (base 14) in base 2?
-111111000
-581 (base 12) to base 3
-1010021
Convert -1b9 (base 13) to base 8.
-501
What is -305a3 (base 11) in base 10?
-44641
Convert 9171 (base 13) to base 4.
10321002
What is -2305 (base 8) in base 6?
-5353
-220022222 (base 3) to base 9
-26288
What is -1537 (base 9) in base 11?
-972
-223230 (base 4) to base 10
-2796
-102301 (base 6) to base 8
-20175
What is 3010113 (base 4) in base 3?
122020110
-10502 (base 7) to base 2
-101001011000
What is 142103 (base 5) in base 4?
1130033
1001011001 (base 2) to base 11
4a7
2300 (base 5) to base 8
505
What is a506 (base 11) in base 12?
8081
4a9 (base 14) to base 4
32211
What is 574 (base 11) in base 3?
221102
Convert 1d1 (base 14) to base 9.
461
Convert -1331323 (base 4) to base 9.
-12044
What is -130031 (base 4) in base 14?
-92d
What is -6c7 (base 16) in base 3?
-2101021
24076 (base 10) to base 4
11320030
What is 12250 (base 8) in base 6?
40252
Convert 121121102 (base 3) to base 12.
700b
Convert -12604 (base 8) to base 7.
-22026
-8a94 (base 15) to base 10
-29389
What is -13065 (base 7) in base 8?
-6625
224515 (base 6) to base 4
10223333
What is -2002011002 (base 3) in base 4?
-21333212
Convert -4116 (base 8) to base 11.
-1663
Convert -2902 (base 11) to base 14.
-1521
-86d (base 14) to base 13
-9b1
What is -7764 (base 12) in base 6?
-141004
What is -6686 (base 10) in base 11?
-5029
-1000011110 (base 2) to base 7
-1403
What is -222102 (base 3) in base 11?
-599
Convert -2a5 (base 13) to base 5.
-3343
Convert 706 (base 9) to base 7.
1446
110011010010 (base 2) to base 7
12366
Convert -347 (base 11) to base 7.
-1131
What is 49a (base 11) in base 13?
368
What is -352425 (base 6) in base 2?
-111011011000001
-402022 (base 5) to base 16
-31da
151 (base 6) to base 7
124
-40042 (base 5) to base 11
-1993
What is 498b (base 13) in base 10?
10424
-226 (base 7) to base 10
-118
What is -11020020 (base 3) in base 5?
-44314
3719a (base 11) to base 2
1101000011011110
-3364 (base 14) to base 8
-21314
1c70 (base 15) to base 7
24006
Convert 2c40 (base 14) to base 3.
101211110
What is -3254 (base 6) in base 7?
-2125
What is 1530 (base 9) in base 13?
6b4
Convert 722 (base 9) to base 14.
2dd
2348 (base 12) to base 6
30132
Convert -1579 (base 12) to base 13.
-1206
Convert -221 (base 12) to base 10.
-313
Convert 1045 (base 16) to base 10.
4165
-40211 (base 5) to base 2
-100111111100
-528 (base 10) to base 2
-1000010000
What is -30204 (base 9) in base 10?
-19849
23310 (base 9) to base 6
200013
What is 1011 (base 10) in base 13?
5ca
-ee (base 15) to base 13
-143
-66776 (base 8) to base 15
-8523
Convert 3161 (base 15) to base 9.
15281
What is -625 (base 7) in base 13?
-1b1
Convert 21562 (base 7) to base 11.
40a0
Convert 11483 (base 9) to base 4.
1320021
22653 (base 10) to base 9
34060
1343014 (base 5) to base 15
83de
-2a4c (base 13) to base 7
-23632
What is -14467 (base 8) in base 16?
-1937
Convert -11000011 (base 2) to base 9.
-236
Convert -10101000111 (base 2) to base 9.
-1761
Convert 5305 (base 12) to base 13.
4193
Convert 2560 (base 10) to base 9.
3454
Convert -1517 (base 10) to base 8.
-2755
Convert 14771 (base 9) to base 4.
2131330
Convert -101110011 (base 2) to base 7.
-1040
What is 342041 (base 5) in base 15?
38eb
132543 (base 6) to base 4
3000033
-114144 (base 6) to base 10
-10000
5326 (base 8) to base 15
c4e
Convert -167ab (base 13) to base 16.
-a83b
Convert -33be (base 15) to base 3.
-120001122
323503 (base 6) to base 13
c23a
Convert -666 (base 11) to base 14.
-410
What is 102 (base 13) in base 4?
2223
Convert 1328 (base 15) to base 8.
7770
4794 (base 13) to base 4
2131230
What is -63403 (base 9) in base 3?
-2010110010
Convert 4264 (base 9) to base 10.
3136
Convert -2211010 (base 3) to base 15.
-920
Convert -15588 (base 10) to base 13.
-7131
105542 (base 6) to base 9
13378
1010110100 (base 2) to base 4
22310
What is -715c (base 14) in base 12?
-b33a
Convert -500 (base 10) to base 12.
-358
1100010111 (base 2) to base 4
30113
What is -7036 (base 13) in base 6?
-155224
What is 1a155 (base 12) in base 3?
1221102202
Convert 1543 (base 7) to base 9.
757
-1101000111 (base 2) to base 15
-3ae
What is -101320 (base 5) in base 14?
-1303
Convert 111110110001 (base 2) to base 7.
14466
What is 3a37 (base 15) in base 3?
122001021
Convert 1110101 (base 2) to base 13.
90
Convert -6338 (base 15) to base 16.
-51f2
Convert 41332 (base 5) to base 11.
2050
What is 384 (base 15) in base 3?
1002121
106713 (base 8) to base 15
ab4e
-310 (base 15) to base 16
-2b2
Convert -101101111111000 (base 2) to base 11.
-16764
2b27 (base 13) to base 5
200121
Convert -22263 (base 8) to base 5.
-300040
58a1 (base 12) to base 14
3881
What is -40b9 (base 15) in base 13?
-62bb
-86 (base 15) to base 13
-99
103233233 (base 4) to base 12
3a97b
What is -500 (base 11) in base 12?
-425
Convert -b92 (base 13) to base 16.
-7ba
What is 1a3 (base 15) in base 11?
314
What is 177d (base 14) in base 15?
13bc
What is -3241 (base 12) in base 10?
-5521
Convert -2ed4 (base 15) to base 16.
-2773
461 (base 8) to base 6
1225
What is -5379 (base 10) in base 9?
-7336
25 (base 11) to base 13
21
8044 (base 9) to base 11
4459
-1911 (base 10) to base 7
-5400
What is -2541 (base 6) in base 15?
-2c7
Convert -14158 (base 10) to base 13.
-65a1
What is -aa05 (base 14) in base 10?
-29405
Convert 201120100 (base 3) to base 15.
4360
-3345 (base 8) to base 5
-24030
What is -11010010 (base 2) in base 7?
-420
What is 167304 (base 8) in base 6?
1150552
9a77 (base 11) to base 16
33d9
What is -427c (base 15) in base 14?
-51ab
What is -24609 (base 12) in base 10?
-49257
What is -1101110011 (base 2) in base 6?
-4031
What is -23478 (base 9) in base 6?
-200412
-2030 (base 6) to base 4
-13002
What is -1af (base 16) in base 6?
-1555